 Suppose 4*i - 35 = -i. Let x = i - h. List the prime factors of x.
5
Let w be 20*-1*21/(-84). Suppose 12 = -8*r + w*r, -3*r = -4*x + 384. List the prime factors of x.
3, 31
Let i(y) = 26*y + 2. Let b(f) = -4*f**2 + 5*f - 11. Let m(g) = -5*g**2 + 4*g - 10. Let d(t) = -4*b(t) + 3*m(t). Let a be d(6). List the prime factors of i(a).
2, 3
Let d(m) = -10*m**2 - m**3 + 10 - 7 - 10 - 10*m. Let z be d(-9). Suppose -5*f = -z*f - 162. What are the prime factors of f?
2, 3
Let w be ((-11)/(-1))/((-7)/21). List the prime factors of 6*-1*253/w.
2, 23
Let b(h) = -2 + 2 - 3 + 2*h**2 + 5*h + 19*h**3 + 0*h**2. List the prime factors of b(2).
167
Suppose 27 = -4*c + 143. Let j(g) = g**2 - 25*g - 14. List the prime factors of j(c).
2, 3, 17
Let l = -3563 + 5082. What are the prime factors of l?
7, 31
Let f = -27 + 18. Let o = 90 + f. What are the prime factors of o?
3
Let z be (-3)/(-4 + 3) + 182. Let r = z + -89. What are the prime factors of r?
2, 3
Suppose 4 = 2*l, 4*v + v - 702 = 4*l. List the prime factors of v.
2, 71
Suppose -5096 = -5*w - 51*w. What are the prime factors of w?
7, 13
Let g = 9 - 4. Let j(a) = 3 - 8 + 5 - g + 9*a. List the prime factors of j(6).
7
Suppose 0 = 47*l - 42*l - 3360. List the prime factors of l.
2, 3, 7
Suppose -5*q + 4*q + 2*y = -7, -22 = -5*q - 3*y. Suppose q = -3*b + 4*b. Suppose -b*l = -21 - 219. What are the prime factors of l?
2, 3
Let r(s) = -6*s + 3. Let v be (-18)/4*4/3. List the prime factors of r(v).
3, 13
Suppose 5*a - 6667 = 2883. What are the prime factors of a?
2, 5, 191
Suppose -4*t - 9*w + 5*w + 380 = 0, -w + 495 = 5*t. Let l be 4*-4*3/(-48) - -7. Suppose -l*x = -3*x - t. List the prime factors of x.
2, 5
Suppose 2*t - 306 = -4*t. Let j = t + -5. What are the prime factors of j?
2, 23
Suppose 0 = -5*m - 2*s + 190 + 18, -108 = -3*m + 3*s. What are the prime factors of m?
2, 5
Let y be (-10)/(-8) + (34/(-8) - -4). What are the prime factors of 8 + (-2)/y + 4?
2, 5
Let j(m) = -264*m + 46. What are the prime factors of j(-6)?
2, 5, 163
Suppose 3*c - 788 = -y + 5*y, 2*c = -5*y - 985. Let z = -130 - y. What are the prime factors of z?
67
Let y = 44 + -43. List the prime factors of (4 + 2)*(92/6 + y).
2, 7
Let k = -225 + 463. Let w = 336 - k. List the prime factors of w.
2, 7
Suppose -w = -2*s + 5406, s - 140*w - 2689 = -143*w. List the prime factors of s.
37, 73
Suppose -5*k - 3*j + j - 346 = 0, 133 = -2*k + j. Let q = -58 - k. List the prime factors of q.
2, 5
Let u(k) = -k**3 - 17*k**2 + 23*k + 25. Let x be u(-18). Let d = 22 - x. List the prime factors of d.
3, 29
Let z be 222/30 + 9/15. Let c be 56/z - 1/1. Suppose c*l = 4*l + 58. What are the prime factors of l?
29
Suppose 17 = -5*i + 2*o, -3*o - 14 = -2. Let s(m) = -2*m + 6. Let q(z) = -4*z + 12. Let x(f) = 6*q(f) - 11*s(f). List the prime factors of x(i).
2
Suppose 22534 + 6986 = 9*o. List the prime factors of o.
2, 5, 41
Suppose 43*i + 1186 - 9270 = 0. List the prime factors of i.
2, 47
Let t(s) = 2*s**3 - 16*s**2 - 28*s + 23. List the prime factors of t(15).
2753
Suppose -2*w + 78 + 512 = 0. Suppose -z + 6*z - w = 0. List the prime factors of z.
59
Let v(n) = 46*n - 2. Let w(d) = 91*d - 4. Let g(j) = -13*v(j) + 6*w(j). List the prime factors of g(-1).
2, 3
Let y(w) = 2*w + 16. Let l be y(-8). Let i be (10 - 11)*(l - 102). Let z = i - 57. List the prime factors of z.
3, 5
Suppose -7*j = -2*j - 25, 3*j - 243 = 4*y. Let r = -13 - y. List the prime factors of r.
2, 11
Suppose -41*p = 24230 - 81015. List the prime factors of p.
5, 277
Let q = -65 - -72. What are the prime factors of ((-210)/q)/(1/(-4))?
2, 3, 5
Suppose 0 = -297*x + 295*x + 9566. List the prime factors of x.
4783
Suppose 5*k = 5*o + 582 - 1587, 0 = -o - k + 195. Suppose 5*j + 26 = -2*t - o, 0 = -2*t + 6. Let w = 72 + j. List the prime factors of w.
2, 13
Suppose -5 = 5*b, -3*i + b + 2 = -4*b. Let j be (8/10)/(i/(-5)). What are the prime factors of (-3)/2*j/(-3)?
2
Suppose 7*k + 45 = 5*j + 4*k, 0 = 2*j + 5*k - 18. Suppose j*l = 6*l + 210. List the prime factors of l.
2, 5, 7
Suppose 17*n = 16*n + 1794. What are the prime factors of ((-2)/3)/(n/900 - 2)?
2, 5
Suppose -3*a + 28 = 133. Let k = a + 140. List the prime factors of k.
3, 5, 7
Suppose 52*i = 48*i + 1484. List the prime factors of i.
7, 53
Suppose -6*k + k + y + 182 = 0, y = -5*k + 188. Suppose -207 + k = -5*o. Suppose -5*g + 191 + o = 0. What are the prime factors of g?
3, 5
Suppose 5*y - 12242 = 9493. What are the prime factors of 2/7 - y/(-49)?
89
Let z(r) = -r**3 - 7*r**2 + 0*r**2 - 2 + 13*r + 2*r**3 - r**2. Let o be z(6). Suppose o*c - 16 = 0, 2*u - 29 = u - 4*c. List the prime factors of u.
13
Let f(r) = -78*r - 3. Let b = -66 + 65. What are the prime factors of f(b)?
3, 5
What are the prime factors of (-24)/96*((-2)/(-1) + -3210)?
2, 401
Let v(k) = 7*k**2 - 59*k - 9. List the prime factors of v(9).
3
Let h(d) = -3*d**3 + 3*d**2 + d - 1. Let g be h(-1). Suppose -7*p - 69 = -g*p. Let n = p + 36. List the prime factors of n.
13
Suppose 5*y + 0*w - w = -378, 84 = -y + 3*w. Let c = y - -131. List the prime factors of c.
2, 7
Suppose 0 = 4*f + 4*s + s - 1201, -15 = -3*s. List the prime factors of f.
2, 3, 7
Suppose -2*c - 1460 = -3624. What are the prime factors of c?
2, 541
Let s(k) = 2*k**3 - 7*k**2 - 3*k + 1241. What are the prime factors of s(0)?
17, 73
Let k(p) = 29*p + 2. What are the prime factors of k(1)?
31
Let f = -20 + 20. Suppose f = 5*z - a - 176, -z + 2*a + 72 = z. Suppose 5*r - z = 55. What are the prime factors of r?
2, 3
Suppose 2*g - 3*g - 25 = 0. Let s be 10/g + 16/(-10). What are the prime factors of (-63)/6*s + 3?
2, 3
Let q(b) = -30 + 13 + 14*b + b**2 - b. What are the prime factors of q(-15)?
13
Suppose 465 - 2717 = -4*i. What are the prime factors of i?
563
Suppose 9*g = 10*g - 4. Suppose 4 = -b - j, g*b - 4*j - 3 = -11. Let r = b + 25. List the prime factors of r.
2, 11
Let j(n) = 66*n - 8. Let r(g) = -65*g + 8. Let a(y) = 5*j(y) + 4*r(y). List the prime factors of a(3).
2, 101
Suppose -k + 12 = -v + 2*v, 3*k - 9 = 0. What are the prime factors of -2*249/v*-3?
2, 83
Let i(l) = -14 - 11*l + 10*l**2 - 20*l**2 + 11*l**2 + 3*l. List the prime factors of i(-7).
7, 13
Suppose -5*s + 2989 = 379. Suppose -13*q + 11*q = -s. Suppose q - 72 = 3*l. List the prime factors of l.
3, 7
Suppose -3*d = -9 - 6. Suppose n = -d*m + m + 179, 0 = 3*m + 3. List the prime factors of n.
3, 61
Suppose 12*h + 2977 = -h. Let u = 364 + h. List the prime factors of u.
3, 5
Let k(b) = -b**2 + 20*b - 49. List the prime factors of k(16).
3, 5
Suppose -11*j + 9*j = 36. Let x = -39 - j. Let p = x - -61. What are the prime factors of p?
2, 5
Suppose -202 = 4*u + 3*c + 79, 3*u = 5*c - 189. What are the prime factors of 10 - 13 - (u - 0)?
5, 13
Let d(a) = 53*a**2 + 3*a + 1. What are the prime factors of d(1)?
3, 19
Suppose 11*q - 1477 = 2978. List the prime factors of q.
3, 5
Let g be -2*2 - (-6 + 0). What are the prime factors of ((-1812)/24)/((-1)/g)?
151
Suppose 5074 = 14*d - 7372. List the prime factors of d.
7, 127
Suppose -5*h + 2*o = -11 - 8, -2*h = -o - 8. Suppose -h*j = -10 - 374. List the prime factors of j.
2
Suppose -v = -2 - 1. Suppose -8*z + v*z = 3*m + 227, -3*z - 137 = 2*m. Let b = z - -93. List the prime factors of b.
2, 5
Suppose c - 584 = -c. Suppose c = 7*w - 128. What are the prime factors of w?
2, 3, 5
Let f(k) = 37*k**3 + 2*k**2 - 1. Let c be f(1). Let g(n) = 7*n**2 + 5*n + 5. Let w be g(-2). Let x = c - w. List the prime factors of x.
3, 5
Suppose 5903 + 15569 = 16*i. What are the prime factors of i?
2, 11, 61
Suppose 2657 = -49*o + 24707. What are the prime factors of o?
2, 3, 5
Suppose -17 + 2 = g - 5*h, -3*g + 4*h = -10. Suppose -x + 3*k = k - 2, -5*k - g = -5*x. Suppose -x*u = 3*u - 105. What are the prime factors of u?
3, 7
Suppose 22 = 4*o - 2. Let v be 16/24 + 404/o. Suppose -3*j + 47 = -4*i, -2*j + 4*i = 2*j - v. What are the prime factors of j?
3, 7
Let k be (-3 - (-1 + (-3)/2))*-1978. Suppose 0 = 5*h - 271 - k. List the prime factors of h.
2, 3, 7
Suppose 7*s - 67 - 199 = 0. Let b = -26 + s. What are the prime factors of b?
2, 3
Let c = 1130 + 5007. List the prime factors of c.
17, 19
Let w(s) = 72*s - 8. What are the prime factors of w(4)?
2, 5, 7
What are the prime factors of 432/(((-14)/(-84))/(1/9))?
2, 3
Suppo